{"id":29,"date":"2021-01-04T12:30:00","date_gmt":"2021-01-04T12:30:00","guid":{"rendered":"http:\/\/afersdomestics.cat\/?page_id=29"},"modified":"2025-10-03T20:47:07","modified_gmt":"2025-10-03T20:47:07","slug":"nosaltres","status":"publish","type":"page","link":"https:\/\/afersdomestics.cat\/index.php\/nosaltres\/","title":{"rendered":"Qui som?"},"content":{"rendered":"\n<div class=\"wp-block-group\"><div class=\"wp-block-group__inner-container is-layout-flow wp-block-group-is-layout-flow\">\n<figure class=\"wp-block-image size-large\"><img decoding=\"async\" src=\"https:\/\/afersdomestics.cat\/wp-content\/uploads\/2025\/09\/IMG-20250806-WA0007-1024x768.jpg\" alt=\"\" class=\"wp-image-1182\"\/><figcaption class=\"wp-element-caption\">Afers Dom\u00e8stics (maig de 2025, Vic). Foto: Jordi Cervera.<\/figcaption><\/figure>\n<\/div><\/div>\n\n\n\n<p>Actualment (2025) el grup musical el formen:<\/p>\n\n\n\n<p><strong>Josep Ginesta<\/strong> (m\u00fasic, veu,&nbsp;guitarra i harm\u00f2nica). Mel\u00f2man&nbsp;i m\u00fasic autodidacta. Cofundador d&#8217;Afers Dom\u00e8stics (2020). Actualment \u00e9s alumne de l&#8217;Escola de M\u00fasica de Taradell. <\/p>\n\n\n\n<p><strong>Jordi Homs<\/strong> (veu i percussi\u00f3). Va estudiar a l&#8217;Escola de M\u00fasica de Vic (EMVIC) i va ser cantaire a la Coral Canig\u00f3 de Vic. Format com a actor de teatre a <a href=\"https:\/\/www.escolateatre.com\/\" target=\"_blank\" rel=\"noreferrer noopener\">El Timbal<\/a> (Bcn), actualment est\u00e0 cursant els estudis d&#8217;actor de veu (go2takes!), d&#8217;actor de cinema (Estudi Karloff) i d&#8217;escriptura po\u00e8tica (Escola d&#8217;Escriptura de l&#8217;Ateneu Barcelon\u00e8s). S&#8217;incorpora al grup el 2022.<\/p>\n\n\n\n<p><strong>Pepa Pasam\u00f3n<\/strong>  (veu i percussi\u00f3). Va ser cantaire al cor jove de l&#8217;Orfe\u00f3 Catal\u00e0, al cor del Taller de M\u00fasics i va cantar com a solista en alguns grups, col\u00b7laborant puntualment amb Eduard Iniesta. En l&#8217;\u00e0mbit teatral va ser alumne dels cursos de laboratori musical a l&#8217;escola Esc\u00e8nic Vic. I en dansa, va fer cursos al Timbal i la Caldera, entre d&#8217;altres. S&#8217;incorpora al grup el 2025.<\/p>\n\n\n\n<p><strong>N\u00faria Ca\u00f1ellas<\/strong> (pianista, veu i m\u00e0nager del grup). Va&nbsp;estudiar a l\u2019Escola de M\u00fasica&nbsp;de Vic (EMVIC) a l\u2019etapa infantil i fins a&nbsp;l\u2019adolesc\u00e8ncia. Va&nbsp;ser cantaire del Cor Cabirol de Vic i dansaire del Grup Sardanista Riallera de Vic. Cofundadora d&#8217;Afers Dom\u00e8stics (2020). Actualment \u00e9s alumna de l&#8217;Escola d&#8217;Escriptura de l&#8217;Ateneu Barcelon\u00e8s.<\/p>\n\n\n\n<p>Tamb\u00e9 n&#8217;ha format part entre 2022 i 2024 la <strong>Mar Ca\u00f1ellas<\/strong> (veu i clarinet).&nbsp;Va estudiar a l\u2019Escola de&nbsp;M\u00fasica de Vic (EMVIC) i \u00e9s titulada a&nbsp;l\u2019ESMUC. Va cantar a la coral&nbsp;Xicalla on actualment n\u2019\u00e9s una&nbsp;de les directores.&nbsp;<\/p>\n\n\n\n<p><strong>Fotografies d&#8217;estudi per difusi\u00f3 del tercer treball.<\/strong> Fot\u00f2grafa: Anna Munujos Borralleras (@amunujosb_photography)<\/p>\n\n\n\n<div class=\"wp-block-group\"><div class=\"wp-block-group__inner-container is-layout-constrained wp-block-group-is-layout-constrained\">\n<figure class=\"wp-block-gallery has-nested-images columns-default is-cropped wp-block-gallery-1 is-layout-flex wp-block-gallery-is-layout-flex\">\n<figure class=\"wp-block-image size-large\"><img loading=\"lazy\" decoding=\"async\" width=\"1024\" height=\"1024\" data-id=\"1125\" src=\"https:\/\/afersdomestics.cat\/wp-content\/uploads\/2024\/10\/AFERSDOMESTICSCOLOR-22-1024x1024.jpg\" alt=\"\" class=\"wp-image-1125\" srcset=\"https:\/\/afersdomestics.cat\/wp-content\/uploads\/2024\/10\/AFERSDOMESTICSCOLOR-22-1024x1024.jpg 1024w, https:\/\/afersdomestics.cat\/wp-content\/uploads\/2024\/10\/AFERSDOMESTICSCOLOR-22-300x300.jpg 300w, https:\/\/afersdomestics.cat\/wp-content\/uploads\/2024\/10\/AFERSDOMESTICSCOLOR-22-150x150.jpg 150w, https:\/\/afersdomestics.cat\/wp-content\/uploads\/2024\/10\/AFERSDOMESTICSCOLOR-22-768x768.jpg 768w, https:\/\/afersdomestics.cat\/wp-content\/uploads\/2024\/10\/AFERSDOMESTICSCOLOR-22-1536x1536.jpg 1536w, https:\/\/afersdomestics.cat\/wp-content\/uploads\/2024\/10\/AFERSDOMESTICSCOLOR-22-2048x2048.jpg 2048w, https:\/\/afersdomestics.cat\/wp-content\/uploads\/2024\/10\/AFERSDOMESTICSCOLOR-22-640x640.jpg 640w, https:\/\/afersdomestics.cat\/wp-content\/uploads\/2024\/10\/AFERSDOMESTICSCOLOR-22-180x180.jpg 180w\" sizes=\"auto, (max-width: 1024px) 100vw, 1024px\" \/><\/figure>\n\n\n\n<figure class=\"wp-block-image size-large\"><img loading=\"lazy\" decoding=\"async\" width=\"1024\" height=\"658\" data-id=\"1126\" src=\"https:\/\/afersdomestics.cat\/wp-content\/uploads\/2024\/10\/AFERSDOMESTICSBN-42_web-1024x658.jpg\" alt=\"Fot\u00f2grafa: Anna Munujos\" class=\"wp-image-1126\" srcset=\"https:\/\/afersdomestics.cat\/wp-content\/uploads\/2024\/10\/AFERSDOMESTICSBN-42_web-1024x658.jpg 1024w, https:\/\/afersdomestics.cat\/wp-content\/uploads\/2024\/10\/AFERSDOMESTICSBN-42_web-300x193.jpg 300w, https:\/\/afersdomestics.cat\/wp-content\/uploads\/2024\/10\/AFERSDOMESTICSBN-42_web-768x494.jpg 768w, https:\/\/afersdomestics.cat\/wp-content\/uploads\/2024\/10\/AFERSDOMESTICSBN-42_web-1536x987.jpg 1536w, https:\/\/afersdomestics.cat\/wp-content\/uploads\/2024\/10\/AFERSDOMESTICSBN-42_web-2048x1316.jpg 2048w\" sizes=\"auto, (max-width: 1024px) 100vw, 1024px\" \/><\/figure>\n<\/figure>\n<\/div><\/div>\n","protected":false},"excerpt":{"rendered":"<p>Actualment (2025) el grup musical el formen: Josep Ginesta (m\u00fasic, veu,&nbsp;guitarra i harm\u00f2nica). Mel\u00f2man&nbsp;i m\u00fasic autodidacta. Cofundador d&#8217;Afers Dom\u00e8stics (2020). Actualment \u00e9s alumne de l&#8217;Escola de M\u00fasica de Taradell. Jordi<a href=\"https:\/\/afersdomestics.cat\/index.php\/nosaltres\/\" class=\"more-link\"><span class=\"readmore\">Si vols saber-ne m\u00e9s&#8230;<span class=\"screen-reader-text\">Qui som?<\/span><\/span><\/a><\/p>\n","protected":false},"author":1,"featured_media":1182,"parent":0,"menu_order":2,"comment_status":"closed","ping_status":"closed","template":"","meta":{"footnotes":""},"class_list":["post-29","page","type-page","status-publish","has-post-thumbnail","hentry"],"_links":{"self":[{"href":"https:\/\/afersdomestics.cat\/index.php\/wp-json\/wp\/v2\/pages\/29","targetHints":{"allow":["GET"]}}],"collection":[{"href":"https:\/\/afersdomestics.cat\/index.php\/wp-json\/wp\/v2\/pages"}],"about":[{"href":"https:\/\/afersdomestics.cat\/index.php\/wp-json\/wp\/v2\/types\/page"}],"author":[{"embeddable":true,"href":"https:\/\/afersdomestics.cat\/index.php\/wp-json\/wp\/v2\/users\/1"}],"replies":[{"embeddable":true,"href":"https:\/\/afersdomestics.cat\/index.php\/wp-json\/wp\/v2\/comments?post=29"}],"version-history":[{"count":20,"href":"https:\/\/afersdomestics.cat\/index.php\/wp-json\/wp\/v2\/pages\/29\/revisions"}],"predecessor-version":[{"id":1248,"href":"https:\/\/afersdomestics.cat\/index.php\/wp-json\/wp\/v2\/pages\/29\/revisions\/1248"}],"wp:featuredmedia":[{"embeddable":true,"href":"https:\/\/afersdomestics.cat\/index.php\/wp-json\/wp\/v2\/media\/1182"}],"wp:attachment":[{"href":"https:\/\/afersdomestics.cat\/index.php\/wp-json\/wp\/v2\/media?parent=29"}],"curies":[{"name":"wp","href":"https:\/\/api.w.org\/{rel}","templated":true}]}}