{"id":120,"date":"2022-01-04T12:30:00","date_gmt":"2022-01-04T12:30:00","guid":{"rendered":"http:\/\/afersdomestics.cat\/?page_id=120"},"modified":"2025-12-13T10:51:08","modified_gmt":"2025-12-13T10:51:08","slug":"videos-musicals","status":"publish","type":"page","link":"https:\/\/afersdomestics.cat\/index.php\/videos-musicals\/","title":{"rendered":"V\u00eddeos musicals"},"content":{"rendered":"\n<div class=\"wp-block-columns is-layout-flex wp-container-core-columns-is-layout-9d6595d7 wp-block-columns-is-layout-flex\">\n<div class=\"wp-block-column is-layout-flow wp-block-column-is-layout-flow\" style=\"flex-basis:100%\">\n<p>Us deixem un petit tast d&#8217;alguns dels v\u00eddeoclips publicats al nostre <a href=\"https:\/\/www.youtube.com\/channel\/UCg0T37DME9MMZVHlscpQV_w\" target=\"_blank\" rel=\"noreferrer noopener\">canal Youtube Afers Dom\u00e8stics<\/a> que donen llum i vida, en imatges, a les nostres can\u00e7ons. Alguns d&#8217;ells, cuinats amb molt d&#8217;amor a casa nostra (ja els detectareu r\u00e0pid) i d&#8217;altres elaborats amb molta cura per grans professionals i bons amics, com en <a href=\"https:\/\/www.porcar.net\/category\/videos\/videopoesia\/\" target=\"_blank\" rel=\"noreferrer noopener\">Josep Porcar<\/a> o en <a href=\"https:\/\/www.facebook.com\/JFaudiovisuals\/\" target=\"_blank\" rel=\"noreferrer noopener\">Josep Farr\u00e9<\/a>.<\/p>\n\n\n\n<p>El darrer \u00e9s &#8216;\u00danic vers&#8217;, un poema del bergued\u00e0 Vicen\u00e7 Zumajo que hem musicat i auteditat a casa i que dona llum per Santa Ll\u00facia, patrona dels cecs i de les modistes. Sembrem versos. Sembrem la paraula. Sembrem llum. Ara i sempre. <\/p>\n\n\n\n<figure class=\"wp-block-table is-style-stripes\"><table><thead><tr><th>V\u00eddeos<\/th><th class=\"has-text-align-left\" data-align=\"left\">T\u00edtols de les can\u00e7ons <\/th><\/tr><\/thead><tbody><tr><td><a href=\"https:\/\/youtu.be\/9gngOxuGR6k?si=sMvZzSQqk97U_rPt\" data-type=\"link\" data-id=\"https:\/\/youtu.be\/9gngOxuGR6k?si=sMvZzSQqk97U_rPt\"><img loading=\"lazy\" decoding=\"async\" width=\"253\" height=\"142\" class=\"wp-image-1332\" style=\"width: 253px;\" src=\"https:\/\/afersdomestics.cat\/wp-content\/uploads\/2025\/12\/UnicVers_AfersDomestics_Portada_1.jpg\" alt=\"\" srcset=\"https:\/\/afersdomestics.cat\/wp-content\/uploads\/2025\/12\/UnicVers_AfersDomestics_Portada_1.jpg 799w, https:\/\/afersdomestics.cat\/wp-content\/uploads\/2025\/12\/UnicVers_AfersDomestics_Portada_1-300x169.jpg 300w, https:\/\/afersdomestics.cat\/wp-content\/uploads\/2025\/12\/UnicVers_AfersDomestics_Portada_1-768x432.jpg 768w\" sizes=\"auto, (max-width: 253px) 100vw, 253px\" \/><\/a><\/td><td class=\"has-text-align-left\" data-align=\"left\">\u00danic vers (videopoema), d&#8217;Afers Dom\u00e8stics. Autoedici\u00f3, 2025.<\/td><\/tr><tr><td><a href=\"https:\/\/youtu.be\/5d5YC6V043w?si=aOJozyakH4BvWhuh\" target=\"_blank\" rel=\"noreferrer noopener\"><img loading=\"lazy\" decoding=\"async\" width=\"253\" height=\"140\" class=\"wp-image-1197\" style=\"width: 253px;\" src=\"https:\/\/afersdomestics.cat\/wp-content\/uploads\/2025\/10\/Lluny_AfersDomestics.jpg\" alt=\"\" srcset=\"https:\/\/afersdomestics.cat\/wp-content\/uploads\/2025\/10\/Lluny_AfersDomestics.jpg 702w, https:\/\/afersdomestics.cat\/wp-content\/uploads\/2025\/10\/Lluny_AfersDomestics-300x166.jpg 300w\" sizes=\"auto, (max-width: 253px) 100vw, 253px\" \/><\/a><a href=\"https:\/\/youtu.be\/K253eg14Hk8?si=FZGVpTLRcReiCdAd\"><\/a><\/td><td class=\"has-text-align-left\" data-align=\"left\">Lluny (videopoema), del disc &#8220;Sortirem dels racons foscos&#8221; d&#8217;Afers Dom\u00e8stics (2024)<\/td><\/tr><tr><td><a href=\"https:\/\/youtu.be\/K253eg14Hk8?si=FZGVpTLRcReiCdAd\"><img loading=\"lazy\" decoding=\"async\" width=\"253\" height=\"139\" class=\"wp-image-829\" style=\"width: 253px;\" src=\"http:\/\/afersdomestics.cat\/wp-content\/uploads\/2023\/12\/Portada_Podries_AfersDomestics_Nadal2023.jpg\" alt=\"\" srcset=\"https:\/\/afersdomestics.cat\/wp-content\/uploads\/2023\/12\/Portada_Podries_AfersDomestics_Nadal2023.jpg 1288w, https:\/\/afersdomestics.cat\/wp-content\/uploads\/2023\/12\/Portada_Podries_AfersDomestics_Nadal2023-300x165.jpg 300w, https:\/\/afersdomestics.cat\/wp-content\/uploads\/2023\/12\/Portada_Podries_AfersDomestics_Nadal2023-1024x563.jpg 1024w, https:\/\/afersdomestics.cat\/wp-content\/uploads\/2023\/12\/Portada_Podries_AfersDomestics_Nadal2023-768x422.jpg 768w\" sizes=\"auto, (max-width: 253px) 100vw, 253px\" \/><\/a><\/td><td class=\"has-text-align-left\" data-align=\"left\">Podries, d&#8217;Afers Dom\u00e8stics (desembre 2023)<\/td><\/tr><tr><td><a href=\"https:\/\/youtu.be\/_X1qwymrAT4\" data-type=\"URL\" data-id=\"https:\/\/youtu.be\/_X1qwymrAT4\" target=\"_blank\" rel=\"noreferrer noopener\"><img loading=\"lazy\" decoding=\"async\" width=\"253\" height=\"138\" class=\"wp-image-640\" style=\"width: 253px;\" src=\"http:\/\/afersdomestics.cat\/wp-content\/uploads\/2022\/12\/Sortiremdelsraconsfoscos.jpg\" alt=\"\" srcset=\"https:\/\/afersdomestics.cat\/wp-content\/uploads\/2022\/12\/Sortiremdelsraconsfoscos.jpg 726w, https:\/\/afersdomestics.cat\/wp-content\/uploads\/2022\/12\/Sortiremdelsraconsfoscos-300x163.jpg 300w\" sizes=\"auto, (max-width: 253px) 100vw, 253px\" \/><\/a><\/td><td class=\"has-text-align-left\" data-align=\"left\">Sortirem dels racons foscos, d&#8217;Afers Dom\u00e8stics (desembre 2022)<\/td><\/tr><tr><td><a href=\"https:\/\/www.youtube.com\/watch?v=QRpQeEAeh5E\"><img loading=\"lazy\" decoding=\"async\" width=\"253\" height=\"142\" class=\"wp-image-577\" style=\"width: 253px;\" src=\"http:\/\/afersdomestics.cat\/wp-content\/uploads\/2022\/07\/PostalsdePlatja.jpg\" alt=\"\" srcset=\"https:\/\/afersdomestics.cat\/wp-content\/uploads\/2022\/07\/PostalsdePlatja.jpg 638w, https:\/\/afersdomestics.cat\/wp-content\/uploads\/2022\/07\/PostalsdePlatja-300x168.jpg 300w\" sizes=\"auto, (max-width: 253px) 100vw, 253px\" \/><\/a><\/td><td class=\"has-text-align-left\" data-align=\"left\"><a href=\"https:\/\/www.youtube.com\/watch?v=QRpQeEAeh5E\">Postals de platja<\/a> (videopoema), del disc &#8220;De poemes i planes&#8221; (2022)<\/td><\/tr><tr><td><img loading=\"lazy\" decoding=\"async\" width=\"253\" height=\"125\" class=\"wp-image-463\" style=\"width: 253px;\" src=\"http:\/\/afersdomestics.cat\/wp-content\/uploads\/2022\/03\/portadaEspaitemps-1.jpg\" alt=\"\" srcset=\"https:\/\/afersdomestics.cat\/wp-content\/uploads\/2022\/03\/portadaEspaitemps-1.jpg 885w, https:\/\/afersdomestics.cat\/wp-content\/uploads\/2022\/03\/portadaEspaitemps-1-300x149.jpg 300w, https:\/\/afersdomestics.cat\/wp-content\/uploads\/2022\/03\/portadaEspaitemps-1-768x381.jpg 768w\" sizes=\"auto, (max-width: 253px) 100vw, 253px\" \/><\/td><td class=\"has-text-align-left\" data-align=\"left\"><a rel=\"noreferrer noopener\" href=\"https:\/\/www.youtube.com\/watch?v=FuNEDoSZI7E\" data-type=\"URL\" data-id=\"https:\/\/www.youtube.com\/watch?v=FuNEDoSZI7E\" target=\"_blank\">Espaitemps<\/a> (videopoema), del disc &#8220;De poemes i planes&#8221; (2022)<br><\/td><\/tr><tr><td><a href=\"https:\/\/www.youtube.com\/watch?v=lZDyrNzuGQs\"><img decoding=\"async\" style=\"width: 253px;\" src=\"http:\/\/afersdomestics.cat\/wp-content\/uploads\/2022\/01\/Video_ConfirmacioRegla.jpg\" alt=\"\"><\/a><\/td><td class=\"has-text-align-left\" data-align=\"left\"><a href=\"https:\/\/www.youtube.com\/watch?v=lZDyrNzuGQs\" data-type=\"URL\" data-id=\"https:\/\/www.youtube.com\/watch?v=lZDyrNzuGQs\" target=\"_blank\" rel=\"noreferrer noopener\">Confirmaci\u00f3 de la regla<\/a> (videopoema), del disc &#8220;De poemes i planes&#8221; (2022)<\/td><\/tr><tr><td><img loading=\"lazy\" decoding=\"async\" width=\"250\" height=\"141\" class=\"wp-image-128\" style=\"width: 250px;\" src=\"http:\/\/afersdomestics.cat\/wp-content\/uploads\/2022\/01\/Video_NousHoritzons.jpg\" alt=\"\" srcset=\"https:\/\/afersdomestics.cat\/wp-content\/uploads\/2022\/01\/Video_NousHoritzons.jpg 637w, https:\/\/afersdomestics.cat\/wp-content\/uploads\/2022\/01\/Video_NousHoritzons-300x169.jpg 300w\" sizes=\"auto, (max-width: 250px) 100vw, 250px\" \/><\/td><td class=\"has-text-align-left\" data-align=\"left\"><a href=\"https:\/\/www.youtube.com\/watch?v=gWBmybZl1tU\" data-type=\"URL\" data-id=\"https:\/\/www.youtube.com\/watch?v=gWBmybZl1tU\" target=\"_blank\" rel=\"noreferrer noopener\">Nous horitzons<\/a><\/td><\/tr><tr><td> <img decoding=\"async\" src=\"http:\/\/afersdomestics.cat\/wp-content\/uploads\/2022\/01\/Video_90graus.jpg\" alt=\"\" style=\"width: 250px;\"> <\/td><td class=\"has-text-align-left\" data-align=\"left\"><a href=\"https:\/\/youtu.be\/CaqGrQk0RBM\" data-type=\"URL\" data-id=\"https:\/\/youtu.be\/CaqGrQk0RBM\" target=\"_blank\" rel=\"noreferrer noopener\">90\u00ba<\/a> (videopoema)<\/td><\/tr><tr><td><img loading=\"lazy\" decoding=\"async\" width=\"253\" height=\"142\" class=\"wp-image-519\" style=\"width: 253px;\" src=\"http:\/\/afersdomestics.cat\/wp-content\/uploads\/2022\/05\/CosDiferit_portada.png\" alt=\"\" srcset=\"https:\/\/afersdomestics.cat\/wp-content\/uploads\/2022\/05\/CosDiferit_portada.png 730w, https:\/\/afersdomestics.cat\/wp-content\/uploads\/2022\/05\/CosDiferit_portada-300x168.png 300w\" sizes=\"auto, (max-width: 253px) 100vw, 253px\" \/><\/td><td class=\"has-text-align-left\" data-align=\"left\"><a href=\"https:\/\/youtu.be\/KBZpOYa3I0Y\" target=\"_blank\" rel=\"noreferrer noopener\">Cos diferit<\/a> (videopoema) <\/td><\/tr><tr><td><img loading=\"lazy\" decoding=\"async\" width=\"253\" height=\"142\" class=\"wp-image-132\" style=\"width: 253px;\" src=\"http:\/\/afersdomestics.cat\/wp-content\/uploads\/2022\/01\/Video_ElmillorRegal.jpg\" alt=\"\" srcset=\"https:\/\/afersdomestics.cat\/wp-content\/uploads\/2022\/01\/Video_ElmillorRegal.jpg 639w, https:\/\/afersdomestics.cat\/wp-content\/uploads\/2022\/01\/Video_ElmillorRegal-300x169.jpg 300w\" sizes=\"auto, (max-width: 253px) 100vw, 253px\" \/><\/td><td class=\"has-text-align-left\" data-align=\"left\"><a href=\"https:\/\/youtu.be\/auMDwwPATBw\" data-type=\"URL\" data-id=\"https:\/\/youtu.be\/auMDwwPATBw\" target=\"_blank\" rel=\"noreferrer noopener\">El millor regal<\/a><\/td><\/tr><tr><td><img loading=\"lazy\" decoding=\"async\" width=\"253\" height=\"142\" class=\"wp-image-163\" style=\"width: 253px;\" src=\"http:\/\/afersdomestics.cat\/wp-content\/uploads\/2022\/01\/Video_ArbredePlaca.jpg\" alt=\"\" srcset=\"https:\/\/afersdomestics.cat\/wp-content\/uploads\/2022\/01\/Video_ArbredePlaca.jpg 637w, https:\/\/afersdomestics.cat\/wp-content\/uploads\/2022\/01\/Video_ArbredePlaca-300x169.jpg 300w\" sizes=\"auto, (max-width: 253px) 100vw, 253px\" \/><\/td><td class=\"has-text-align-left\" data-align=\"left\"><a href=\"https:\/\/youtu.be\/0r4hLJTcXZM\" data-type=\"URL\" data-id=\"https:\/\/youtu.be\/0r4hLJTcXZM\" target=\"_blank\" rel=\"noreferrer noopener\">L&#8217;arbre de Pla\u00e7a<\/a> (Vic, Bcn)<\/td><\/tr><tr><td><img loading=\"lazy\" decoding=\"async\" width=\"253\" height=\"190\" class=\"wp-image-150\" style=\"width: 253px;\" src=\"http:\/\/afersdomestics.cat\/wp-content\/uploads\/2022\/01\/Video_Elmeubarri.jpg\" alt=\"\" srcset=\"https:\/\/afersdomestics.cat\/wp-content\/uploads\/2022\/01\/Video_Elmeubarri.jpg 480w, https:\/\/afersdomestics.cat\/wp-content\/uploads\/2022\/01\/Video_Elmeubarri-300x226.jpg 300w\" sizes=\"auto, (max-width: 253px) 100vw, 253px\" \/><\/td><td class=\"has-text-align-left\" data-align=\"left\"><a href=\"https:\/\/youtu.be\/YVa-fLMhcKA\" data-type=\"URL\" data-id=\"https:\/\/youtu.be\/YVa-fLMhcKA\" target=\"_blank\" rel=\"noreferrer noopener\">El meu barri<\/a> (Poble Nou, Bcn)<\/td><\/tr><tr><td><img loading=\"lazy\" decoding=\"async\" width=\"253\" height=\"189\" class=\"wp-image-141\" style=\"width: 253px;\" src=\"http:\/\/afersdomestics.cat\/wp-content\/uploads\/2022\/01\/Video_Els4Elements.jpg\" alt=\"\" srcset=\"https:\/\/afersdomestics.cat\/wp-content\/uploads\/2022\/01\/Video_Els4Elements.jpg 480w, https:\/\/afersdomestics.cat\/wp-content\/uploads\/2022\/01\/Video_Els4Elements-300x224.jpg 300w\" sizes=\"auto, (max-width: 253px) 100vw, 253px\" \/><\/td><td class=\"has-text-align-left\" data-align=\"left\"><a rel=\"noreferrer noopener\" href=\"https:\/\/youtu.be\/HXFLi646XDA\" data-type=\"URL\" data-id=\"https:\/\/youtu.be\/HXFLi646XDA\" target=\"_blank\">Els 4 elements<\/a> <\/td><\/tr><\/tbody><\/table><figcaption class=\"wp-element-caption\">Petit tast dels v\u00eddeos musicals d&#8217;Afers Dom\u00e8stics. M\u00e9s v\u00eddeos al <a rel=\"noreferrer noopener\" href=\"https:\/\/www.youtube.com\/channel\/UCg0T37DME9MMZVHlscpQV_w\" data-type=\"URL\" data-id=\"https:\/\/www.youtube.com\/channel\/UCg0T37DME9MMZVHlscpQV_w\" target=\"_blank\">canal Youtube Afers Dom\u00e8stics<\/a><\/figcaption><\/figure>\n<\/div>\n<\/div>\n","protected":false},"excerpt":{"rendered":"<p>Us deixem un petit tast d&#8217;alguns dels v\u00eddeoclips publicats al nostre canal Youtube Afers Dom\u00e8stics que donen llum i vida, en imatges, a les nostres can\u00e7ons. Alguns d&#8217;ells, cuinats amb<a href=\"https:\/\/afersdomestics.cat\/index.php\/videos-musicals\/\" class=\"more-link\"><span class=\"readmore\">Si vols saber-ne m\u00e9s&#8230;<span class=\"screen-reader-text\">V\u00eddeos musicals<\/span><\/span><\/a><\/p>\n","protected":false},"author":1,"featured_media":0,"parent":0,"menu_order":4,"comment_status":"closed","ping_status":"closed","template":"","meta":{"footnotes":""},"class_list":["post-120","page","type-page","status-publish","hentry"],"_links":{"self":[{"href":"https:\/\/afersdomestics.cat\/index.php\/wp-json\/wp\/v2\/pages\/120","targetHints":{"allow":["GET"]}}],"collection":[{"href":"https:\/\/afersdomestics.cat\/index.php\/wp-json\/wp\/v2\/pages"}],"about":[{"href":"https:\/\/afersdomestics.cat\/index.php\/wp-json\/wp\/v2\/types\/page"}],"author":[{"embeddable":true,"href":"https:\/\/afersdomestics.cat\/index.php\/wp-json\/wp\/v2\/users\/1"}],"replies":[{"embeddable":true,"href":"https:\/\/afersdomestics.cat\/index.php\/wp-json\/wp\/v2\/comments?post=120"}],"version-history":[{"count":35,"href":"https:\/\/afersdomestics.cat\/index.php\/wp-json\/wp\/v2\/pages\/120\/revisions"}],"predecessor-version":[{"id":1333,"href":"https:\/\/afersdomestics.cat\/index.php\/wp-json\/wp\/v2\/pages\/120\/revisions\/1333"}],"wp:attachment":[{"href":"https:\/\/afersdomestics.cat\/index.php\/wp-json\/wp\/v2\/media?parent=120"}],"curies":[{"name":"wp","href":"https:\/\/api.w.org\/{rel}","templated":true}]}}